at is 1100 - -1?
1101
In base 9, what is 410 + 3?
413
In base 10, what is 20 + -33?
-13
In base 3, what is -1012021 + -2?
-1012100
In base 16, what is -9e1 + -6?
-9e7
In base 7, what is -1652 + 3?
-1646
In base 7, what is 12 - 2?
10
In base 6, what is -211 - -311?
100
In base 11, what is -7 - -6?
-1
In base 12, what is 3a - -133?
171
In base 11, what is 28 + 11?
39
In base 10, what is -1 - 176?
-177
In base 13, what is -5 - 12?
-17
In base 15, what is -23 - -7e?
5b
In base 3, what is 120 - -112211?
120101
In base 3, what is -10 + 10?
0
In base 10, what is 4 - 3?
1
In base 8, what is 11454 - 0?
11454
In base 16, what is -2 + -205?
-207
In base 15, what is -a + -11?
-1b
In base 6, what is 0 - 555?
-555
In base 13, what is -21 - 7?
-28
In base 16, what is 3 + 41?
44
In base 2, what is -10 - -10010000?
10001110
In base 7, what is -5 + 65?
60
In base 13, what is 1 - 129?
-128
In base 15, what is 3b - -1d?
59
In base 11, what is 82 + -3?
7a
In base 16, what is 2 - -16a?
16c
In base 9, what is -86 - 210?
-306
In base 3, what is -1 - -1221?
1220
In base 11, what is -194 - 1?
-195
In base 8, what is -7575 + 4?
-7571
In base 5, what is 3 - 1024?
-1021
In base 14, what is 85 + 2?
87
In base 3, what is 12 - 1211?
-1122
In base 15, what is -18e + -2?
-191
In base 2, what is 101 - -11100111?
11101100
In base 10, what is -3 + -54?
-57
In base 3, what is 10 - -100?
110
In base 10, what is -2 - 649?
-651
In base 9, what is 883 - -10?
1003
In base 2, what is 10000110 + -101?
10000001
In base 14, what is 5a - -35?
91
In base 2, what is -101 + -1001?
-1110
In base 3, what is -20221 + -1?
-20222
In base 8, what is -246 + 15?
-231
In base 9, what is -5 - -380?
374
In base 2, what is 0 + 1011011111?
1011011111
In base 13, what is -113 - -5?
-10b
In base 13, what is -9 - 49?
-55
In base 8, what is -3 + 1022?
1017
In base 11, what is -1 + 3a?
39
In base 15, what is 1 - 359?
-358
In base 8, what is 415 + -10?
405
In base 7, what is 13452 + 2?
13454
In base 7, what is 3103 - -5?
3111
In base 15, what is -3d - b8?
-106
In base 7, what is -2 + -64?
-66
In base 12, what is -4 + 929?
925
In base 5, what is 121 + -203?
-32
In base 7, what is 0 + -1022?
-1022
In base 13, what is -4 + -b?
-12
In base 11, what is -2434 + 0?
-2434
In base 9, what is 2 + 726?
728
In base 7, what is -22233 + 0?
-22233
In base 11, what is -2 + -13a?
-141
In base 6, what is 4 - -1451?
1455
In base 6, what is -144 - 0?
-144
In base 5, what is 12 + 22211?
22223
In base 9, what is -6 - -44?
37
In base 8, what is 0 - -356?
356
In base 16, what is -6810 - 0?
-6810
In base 12, what is -a - -1a2?
194
In base 11, what is a8 + -5a?
49
In base 14, what is -5 - -5cb?
5c6
In base 4, what is -12122 - 2?
-12130
In base 8, what is -30232 - 5?
-30237
In base 5, what is 10 + -41221?
-41211
In base 8, what is 1033 - 4?
1027
In base 7, what is 23 - 1?
22
In base 13, what is 241 + 4?
245
In base 15, what is 74 - -1?
75
In base 16, what is 2 + 17?
19
In base 3, what is 2101 - 10?
2021
In base 10, what is -19 - 587?
-606
In base 6, what is 50 + -11?
35
In base 9, what is -2 + -3814?
-3816
In base 11, what is 721 - 3?
719
In base 11, what is -2340 - 4?
-2344
In base 7, what is 535 + 2?
540
In base 7, what is 3 - -3433?
3436
In base 6, what is 31 - -412?
443
In base 13, what is -137 + -c?
-146
In base 11, what is 147 + -23?
124
In base 14, what is -8 - -11c?
114
In base 4, what is 10 - -102313?
102323
In base 16, what is -5 - -92?
8d
In base 5, what is -1031 - -33?
-443
In base 6, what is -1431 + 0?
-1431
In base 9, what is -14 + -11?
-25
In base 16, what is -f476 - 1?
-f477
In base 13, what is -3 - -59?
56
In base 8, what is 701 - -15?
716
In base 8, what is -5 + 72?
65
In base 15, what is 54 + -4d?
6
In base 4, what is 1201312 + 2?
1201320
In base 11, what is -5 + 171?
167
In base 4, what is -2231 - -20?
-2211
In base 5, what is 22 - -3?
30
In base 15, what is d4d - -8?
d56
In base 4, what is -2211 + 32?
-2113
In base 7, what is 364 - 3?
361
In base 15, what is 8 - 3d9?
-3d1
In base 5, what is -21413 - 1?
-21414
In base 2, what is -10100 - -1000101?
110001
In base 14, what is -9 + 10?
5
In base 6, what is -2 - 142?
-144
In base 16, what is 5 + -61?
-5c
In base 14, what is 5 + -8?
-3
In base 5, what is -431 + 0?
-431
In base 14, what is 3 + -1b?
-18
In base 9, what is 4 + -100?
-85
In base 13, what is 4b4 + -32?
482
In base 5, what is 4 - 41?
-32
In base 2, what is 110101111 - -10?
110110001
In base 16, what is 19 - -2?
1b
In base 7, what is 5 - -65?
103
In base 4, what is 30330 + -11?
30313
In base 13, what is 7 - -42?
49
In base 15, what is 3a + 4?
3e
In base 9, what is 233 - 55?
167
In base 15, what is -b + -8?
-14
In base 15, what is 262 - 3?
25e
In base 7, what is -202 - -6?
-163
In base 10, what is 223 - -3?
226
In base 5, what is -10 + 2103?
2043
In base 7, what is 1 + -1562?
-1561
In base 15, what is -2 + -e1?
-e3
In base 14, what is -162c - 2?
-1630
In base 3, what is -11 + -1010?
-1021
In base 3, what is -20020 - -1021?
-11222
In base 9, what is -402 + 0?
-402
In base 7, what is 3 + -323?
-320
In base 14, what is 4 + -13?
-d
In base 10, what is 4 + -3271?
-3267
In base 15, what is 9 - -9d?
a7
In base 6, what is -4 + 204?
200
In base 6, what is 122 + 421?
543
In base 10, what is 17 - -1?
18
In base 15, what is -2 - 73?
-75
In base 13, what is -24b + a?
-241
In base 6, what is 3 - 5245?
-5242
In base 12, what is 50 + -3?
49
In base 5, what is 2 - -30?
32
In base 13, what is 3b - -4?
42
In base 4, what is 332 - 10?
322
In base 4, what is 3 + -10200?
-10131
In base 7, what is 440 + -2?
435
In base 4, what is 1 + -301212?
-301211
In base 10, what is -198 + 11?
-187
In base 8, what is -5 + -1105?
-1112
In base 11, what is 51 - 76?
-25
In base 10, what is -2 - 192?
-194
In base 8, what is -26 - -60?
32
In base 9, what is -1 + -102?
-103
In base 9, what is -57 - -68?
11
In base 11, what is -3 - -20?
18
In base 16, what is a + 10?
1a
In base 9, what is -52 - -8?
-43
In base 11, what is -989 - 15?
-9a3
In base 3, what is -11 + 2010?
1222
In base 13, what is 5 + 13cc?
1404
In base 5, what is 43 + -321?
-223
In base 10, what is -6 - 17?
-23
In base 14, what is 2692 - 5?
268b
In base 8, what is -3472 - 1?
-3473
In base 12, what is 87 - 9?
7a
In base 6, what is 521 - 4?
513
In base 11, what is 667 - -3?
66a
In base 12, what is 12a - -1?
12b
In base 5, what is -2314 + -2?
-2321
In base 4, what is 1 + 202132?
202133
In base 8, what is -22 - 52?
-74
In base 5, what is 323 - -22?
400
In base 3, what is 10000202 - 100?
10000102
In base 4, what is 23 + 11?
100
In base 10, what is 15 - 18?
-3
In base 9, what is -6768 - -5?
-6763
In base 6, what is 0 + 350?
350
In base 14, what is -9 + 1885?
187a
In base 2, what is -10001100000010 - 100?
-10001100000110
In base 12, what is 27b + 1b?
29a
In base 14, what is 3ac + 2?
3b0
In base 9, what is -31 - 130?
-161
In base 4, what is -1 - -113?
112
In base 10, what is 0 + -42?
-42
In base 5, what is -20 + -20?
-40
In base 8, what is 75 + 4?
101
In base 4, what is -3322 + -11?
-3333
In base 6, what is 4 - 114?
-110
In base 14, what is -6 + cc?
c6
In base 4, what is 1 + 20302?
20303
In base 10, what is -12 - 54?
-66
In base 8, what is 0 - -1?
1
In base 2, what is -101001 + 1001?
-100000
In base 3, what is -220222 + -1?
-221000
In base 15, what is 13 - -8?
1b
In base 7, what is -134656 + -2?
-134661
In base 16, what is b6 + 7?
bd
In base 6, what is 155 + -40?
115
In base 13, what is -3c - 3?
-42
In base 10, what is -60 - 2?
-62
In base 5, what is -2 - -401?
344
In base 3, what is 1022 + -12?
1010
In base 9, what is 4685 + 2?
4687
In base 3, what is -2002010 - 10?
-2002020
In base 3, what is -1100 + -11?
-1111
In base 12, what is 1a42 + 3?
1a45
In base 13, what is -423 + 8?
-418
In base 14, what is 5712 - 2?
5710
In base 15, what is -2 - -192?
190
In base 8, what is -13 + 145?
132
In base 15, what is -1 + -3b?
-3c
In base 6, what is -432 + -2?
-434
In base 11, what is 84 + -40?
44
In base 4, what is -12221220 + -3?
-12221223
In base 13, what is 1 - -59?
5a
In base 6, what is 1511 + -4?
1503
In base 15, what is -2 - 13ca?
-13cc
In base 15, what is 85a - -4?
85e
In base 3, what is 11 - 10200?
-10112
In base 6, what is 25 + 203?
232
In base 12, what is -b - -16?
7
In base 10, what is 101 + 5?
106
